digit of (27/27)/(2/998)?
9
Let r be -1*(0/(-1))/(-4). Suppose r*a = -a. What is the units digit of (-38)/(-3 - (a + -1))?
9
Let d = 25 + -15. Suppose c + d = 6*c. What is the tens digit of 1833/(-26)*c/(-3)?
4
Suppose -95 = -5*i - t, 3*i + 4*t - 1 = 56. Suppose -i - 22 = -y. What is the tens digit of y?
4
Let v = -65 + 81. Suppose -6*g - 1420 = -v*g. What is the units digit of g?
2
Let l = 33 + -42. What is the tens digit of (12/l)/(18/(-189))?
1
Let d(i) = -35*i**3 - 13*i**2 - 37*i - 8. What is the hundreds digit of d(-5)?
2
Let s = -141 + 82. Let c = s + 105. What is the units digit of c?
6
Suppose -v - 12*m + 3268 = -11*m, 5*m = 5*v - 16330. What is the hundreds digit of v?
2
Suppose -2*i - 2*m - 10 = 3*i, 5*m = 5*i + 10. What is the hundreds digit of i/(-13) + 29580/221?
1
Let s(i) = 28*i**2 - 45*i + 87. What is the units digit of s(10)?
7
Let g be (16/20)/(3/(3 - -12)). Suppose j + g*j - 420 = 0. What is the units digit of j?
4
Let q(u) = u**2 + 6*u + 4. Let b be q(3). Let i(k) = -k**3 + 9*k**2 - 6*k - 9. Let r be i(8). Suppose r*a = 8*a - b. What is the tens digit of a?
3
Let d(z) = -z - 10. Let c be d(-10). Suppose 91 = 3*f - p, c = 5*f + 5*p - 7*p - 153. What is the tens digit of f?
2
Let q = 44 + -37. Let t(k) = 2*k**2 - k - 22. What is the tens digit of t(q)?
6
Let q(w) = 6*w**3 - w**2 + w - 1. Let a be q(-2). Let h = a + 183. What is the hundreds digit of h?
1
Suppose 29*q = 27*q + 294. Suppose -q = -k + 23. What is the tens digit of k?
7
Suppose 8*t - 12*t + 1302 = -2*y, t = -4*y + 339. What is the units digit of t?
7
Let z(n) = n**3 + 8*n**2 + 11*n - 4. Let q be z(-6). Suppose 5*c - 26 = -v, q*c + 0*c = 10. What is the tens digit of 65 - v - (0 - 2)?
6
Let i(d) = d**3 + 9*d**2 + 7. Let v be i(-9). Suppose -v*a + 6*a + 54 = 0. Suppose -16 = -f - 0*n - 2*n, 5*f - 3*n - a = 0. What is the tens digit of f?
1
Suppose 0 = 2*l + 5*u - 25, 4*u = 4*l - 10 + 30. Suppose l*f - 5*f + 235 = 0. What is the units digit of f?
7
Suppose 11*w = -12 - 21. What is the hundreds digit of (w - -4)*(-1030)/(-25)*5?
2
What is the thousands digit of 147*((-222)/18)/(-1)?
1
Suppose -549 = -7*s + 774. What is the units digit of s?
9
Let l(w) = -w**2 - 8*w - 2. Let h be l(-7). Suppose h*o - 15 = 0, 2*o - 438 = -3*t - o. What is the tens digit of t?
4
Let j(s) = 21*s**3 - 6*s**2 - 15*s + 23. Let r(o) = 11*o**3 - 3*o**2 - 8*o + 12. Let q(p) = 6*j(p) - 11*r(p). What is the hundreds digit of q(3)?
1
Suppose 0 = d + x - 2, d + x - 4 = -2*d. Let o be (2 + d)*-1 + 97. Suppose 3*b - o = b. What is the units digit of b?
7
Let b(c) = -c**2 + 5. Let k be b(0). Suppose k*h + 31 - 6 = 0. What is the units digit of (0 + -1)/(1/h)?
5
Suppose 9*y - 821 = 322. What is the hundreds digit of y?
1
Let o = -410 - -916. What is the units digit of o?
6
Suppose 0 = -458*p + 453*p + 23375. What is the units digit of p?
5
Suppose -80 = 2*o - 4*h - 2538, -4*h + 1229 = o. What is the tens digit of o?
2
Let t(d) be the first derivative of -4 - 14*d - 5/2*d**2. What is the units digit of t(-10)?
6
Let n(c) = c**2 + 9*c + 5. Let s be n(-9). Let w be (-1 + 3)/(18/(-135)). Let t = s - w. What is the units digit of t?
0
Let w be 78/24 - 1/4. Suppose 36 + 27 = h - 4*u, w*h = -2*u + 189. What is the tens digit of h?
6
Let w = -62 + 139. What is the tens digit of (w/(-4) + -1)*(-24)/9?
5
Let t(m) = -7*m**2 - 15*m + 26. Let h(x) = 6*x**2 + 14*x - 26. Let b(f) = 5*h(f) + 4*t(f). What is the tens digit of b(-11)?
0
Suppose 4*q = 4*j + 540, 0 = 5*j - 2 + 17. What is the hundreds digit of q?
1
Let h(c) = 2448*c**3 + 2*c**2 - 4*c + 4. What is the thousands digit of h(1)?
2
Let n(j) = -j**3 + 7*j**2 + 12*j + 3. Let h be n(9). Let g = -21 - h. What is the units digit of g?
0
Suppose 17348 = 21*f + 5378. What is the hundreds digit of f?
5
Let c(d) = 6*d**2 + 2*d - 41. What is the units digit of c(18)?
9
Suppose 2*k - 8 = -0*k. Let d = 198 + -139. Suppose k*b = d + 9. What is the tens digit of b?
1
Let d(k) be the first derivative of k**2/2 - 11*k - 2. Let u be d(9). What is the units digit of ((-2)/5)/(u/90)?
8
Let a be (64 + 4)*1 - -1. Suppose 3*h - a = 69. What is the tens digit of h?
4
Let k(p) = p**2 - 10*p + 26. Suppose 0 = 5*i + 4*x - x - 20, 2*i - 9 = -x. What is the units digit of k(i)?
5
Let t = 4 - -1. Suppose -t*y + 2 = -8. Suppose 4*p + y*p = 66. What is the units digit of p?
1
Let t be (12/(-10))/((-2)/5). Suppose -2*r + 59 = -t*u, -3*r - 3*u = -2*r - 34. What is the tens digit of r?
3
Let b be 2/(-9) + (-40)/(-18). Let l(c) = -3*c + b*c + 8 - 4*c - 7*c. What is the tens digit of l(-4)?
5
What is the units digit of -4 - (13940/(-12) - 12/(-18))?
7
Suppose -3*t = 3*w - 5625, -17*w + 12*w = t - 9379. What is the hundreds digit of w?
8
Let h(x) = 7*x**2 - x + 2. Let w(r) = r**3 - 4*r**2 - 2. Let g be w(4). Let b be h(g). Suppose y - b = -y. What is the tens digit of y?
1
Let m(j) = j**3 + 15*j**2 + 3*j + 17. Let u be m(-15). Let g = 11 - u. What is the tens digit of g?
3
Let d = 450 - 161. What is the tens digit of d?
8
Let p = 265 + -73. What is the tens digit of p?
9
Let q = 5 - 0. Let d(i) = -11*i + 90. Let k be d(8). Suppose 0 = k*j - q*l - 40 - 29, -5*j - l + 159 = 0. What is the units digit of j?
2
Suppose -4227 = -5*u + 2*u. What is the thousands digit of u?
1
Let i(s) = s**2 + 11*s + 28. Let y be i(-9). Let p(r) = 2*r + 33. What is the units digit of p(y)?
3
Let n(f) = -4 + 348*f**2 - 13*f - 2*f**3 + f**3 - 354*f**2 - 2. What is the units digit of n(-7)?
4
Let m(f) = -8*f**3 - 2*f - 3. What is the units digit of m(-4)?
7
Let t be (0 - -4)/((-8)/40). Let a be ((-24)/t)/(4/10). Suppose 3*b = 4*o - 48, a*o - 5*b + 3*b - 37 = 0. What is the tens digit of o?
1
Let j = 34 - 25. Let w(k) = -k + 41. What is the tens digit of w(j)?
3
Let g(k) = 4*k + 6. Suppose 0 = -3*d + 2*c + 2*c + 16, -4*d + 4*c + 20 = 0. Suppose 0*u - 4 = d*u - 3*f, 3*u = -3*f + 18. What is the units digit of g(u)?
4
Suppose -l = 4*l. Suppose 3*o - 2*o - 4 = l. Suppose 3*t - z - 90 = o*z, 152 = 4*t + 4*z. What is the tens digit of t?
3
Let x = 263 + -173. Suppose -4*p - x = -734. What is the units digit of p?
1
Suppose -5*k + 8*k = 2*s - 121, k = -2*s + 133. What is the units digit of s?
5
Let z(s) = -2*s**3 - 2*s**2 + 2*s. Let r be z(-3). Suppose -r = -3*v + 2*o - 147, -2*v + 4*o = 78. Let t = v + 62. What is the units digit of t?
3
Suppose -5*s + 2*m - 38 = -688, -107 = -s + 5*m. Let w = -110 + s. What is the tens digit of w?
2
What is the tens digit of (-850)/(-6) - (-65)/(-39)?
4
What is the units digit of (-10)/(-25) + (-73944)/(-40)?
9
Suppose -1 = -y - 3*a, y - 3*y + 24 = -5*a. Suppose y*t - 2*t = 390. Let u = 142 - t. What is the tens digit of u?
6
Let c(o) = 275*o**2 - 15*o - 31. What is the thousands digit of c(-3)?
2
Suppose -7 = -5*z + 3. What is the units digit of (1 - 1 - z) + 17?
5
Let v = -79 + 53. Let m(b) = b**3 + 10*b**2 - 7*b - 19. Let n be m(-10). Let t = v + n. What is the units digit of t?
5
Suppose -4*b = 5*g - 1612 - 1051, g = b + 529. What is the units digit of g?
1
Let y = 324 - 616. Let n = y + 556. What is the units digit of n?
4
Let m(u) = -u**3 - 4*u**2 - 2*u + 5. Let b be m(-3). Suppose 7*t - 2*t - 85 = 2*o, 0 = -t + b*o + 17. What is the tens digit of t?
1
Suppose 5*b + 18 = -2*f - 2, -5*b - 20 = 3*f. Suppose f = -y + 92 - 13. What is the units digit of y?
9
Let i = 213 - -306. What is the units digit of i?
9
Suppose 84*h - 103492 = 101972. What is the units digit of h?
6
Let c = 841 + 57. What is the tens digit of c?
9
Suppose 196 = m - 153. What is the units digit of m?
9
Let g be 4028/(-20) + 2/5. Let d = -97 - g. What is the units digit of d?
4
Let v be (10/4 + -1)*6. Suppose -12 = -v*t + 6*t. What is the tens digit of 5904/84 + t/(-14)?
7
Let n(x) = 30*x**2 - 19*x + 222. What is the units digit of n(9)?
1
Let d(v) = v + 8. Let p be d(7). Let z be 0 - p*(-4 + 3). What is the units digit of 95/z - 1/3?
6
Let a = 37 - 40. Let u(m) = m**3 + 5*m**2 + 2*m - 2. Let p be u(-4). What is the units digit of (a/p)/(4/(-56))?
7
Suppose -3*x = 5*c - 2*c, 0 = -2*c - 4. Suppose 0 = -0*t + x*t - 106. Let z = t + -23. What is the tens digit of z?
3
Let d(s) = s**2 + 14*s + 17. Let m be d(-13). Let k be (1/2)/(1/m). What is the units digit of 1 - -3 - (-4 + k)?
6
Let o(m) be the second derivative of 